{"id":92,"date":"2025-09-16T09:49:56","date_gmt":"2025-09-16T09:49:56","guid":{"rendered":"http:\/\/www.greenmech.com.ro\/?page_id=92"},"modified":"2025-09-22T09:48:35","modified_gmt":"2025-09-22T09:48:35","slug":"tocatorul-greenmech-quadchip-160d","status":"publish","type":"page","link":"https:\/\/www.greenmech.com.ro\/index.php\/tocatorul-greenmech-quadchip-160d\/","title":{"rendered":"Toc\u0103torul GreenMech QuadChip 160D"},"content":{"rendered":"\n<h3 class=\"wp-block-heading\">Prioritate pentru joburile cu risc ridicat<\/h3>\n\n\n\n<figure class=\"wp-block-image size-full\"><img loading=\"lazy\" decoding=\"async\" width=\"913\" height=\"582\" src=\"https:\/\/www.greenmech.com.ro\/wp-content\/uploads\/2025\/09\/image-30.png\" alt=\"\" class=\"wp-image-94\" srcset=\"https:\/\/www.greenmech.com.ro\/wp-content\/uploads\/2025\/09\/image-30.png 913w, https:\/\/www.greenmech.com.ro\/wp-content\/uploads\/2025\/09\/image-30-300x191.png 300w, https:\/\/www.greenmech.com.ro\/wp-content\/uploads\/2025\/09\/image-30-768x490.png 768w\" sizes=\"auto, (max-width: 913px) 100vw, 913px\" \/><\/figure>\n\n\n\n<div style=\"height:25px\" aria-hidden=\"true\" class=\"wp-block-spacer\"><\/div>\n\n\n\n<h3 class=\"wp-block-heading\">Toc\u0103torul GreenMech QuadChip 160D<\/h3>\n\n\n\n<p>Acest toc\u0103tor special, remorcat pe drum, este proiectat \u00een mod specific pentru contractori de \u00eentre\u021binere a drumurilor \u0219i autostr\u0103zilor.<\/p>\n\n\n\n<div class=\"wp-block-buttons is-layout-flex wp-block-buttons-is-layout-flex\">\n<div class=\"wp-block-button\"><a class=\"wp-block-button__link wp-element-button\" href=\"mailto:office@greenmech.com.ro\">cereti oferta<\/a><\/div>\n\n\n\n<div class=\"wp-block-button\"><a class=\"wp-block-button__link wp-element-button\" href=\"tel:+40744671621\">cereti detalii<\/a><\/div>\n<\/div>\n\n\n\n<div style=\"height:9px\" aria-hidden=\"true\" class=\"wp-block-spacer\"><\/div>\n\n\n\n<h3 class=\"wp-block-heading\">Informa\u021bii extra<\/h3>\n\n\n\n<div class=\"wp-block-group is-vertical is-layout-flex wp-container-core-group-is-layout-fe9cc265 wp-block-group-is-layout-flex\">\n<p><strong>Capacitate 6&#8243; \/ 160 mm<\/strong><\/p>\n\n\n\n<p><strong>Rota\u021bie 360\u00b0<\/strong><\/p>\n\n\n\n<p><strong>Ma\u0219in\u0103 sub 750 kg<\/strong><\/p>\n\n\n\n<p><strong>Sistem cu disc-lam\u0103<\/strong><\/p>\n\n\n\n<p><strong>Sistem de alimentare \u201eNo-Stress\u201d<\/strong><\/p>\n\n\n\n<p><strong>Role de alimentare ac\u021bionate hidraulic<\/strong><\/p>\n<\/div>\n\n\n\n<div style=\"height:15px\" aria-hidden=\"true\" class=\"wp-block-spacer\"><\/div>\n\n\n\n<h3 class=\"wp-block-heading\">Galerie foto<\/h3>\n\n\n\n<figure class=\"wp-block-image size-full\"><img loading=\"lazy\" decoding=\"async\" width=\"819\" height=\"574\" src=\"https:\/\/www.greenmech.com.ro\/wp-content\/uploads\/2025\/09\/image-31.png\" alt=\"\" class=\"wp-image-95\" srcset=\"https:\/\/www.greenmech.com.ro\/wp-content\/uploads\/2025\/09\/image-31.png 819w, https:\/\/www.greenmech.com.ro\/wp-content\/uploads\/2025\/09\/image-31-300x210.png 300w, https:\/\/www.greenmech.com.ro\/wp-content\/uploads\/2025\/09\/image-31-768x538.png 768w\" sizes=\"auto, (max-width: 819px) 100vw, 819px\" \/><\/figure>\n\n\n\n<div class=\"wp-block-columns is-layout-flex wp-container-core-columns-is-layout-28f84493 wp-block-columns-is-layout-flex\">\n<div class=\"wp-block-column is-layout-flow wp-block-column-is-layout-flow\">\n<figure class=\"wp-block-image size-full\"><img loading=\"lazy\" decoding=\"async\" width=\"837\" height=\"580\" src=\"https:\/\/www.greenmech.com.ro\/wp-content\/uploads\/2025\/09\/image-32.png\" alt=\"\" class=\"wp-image-96\" srcset=\"https:\/\/www.greenmech.com.ro\/wp-content\/uploads\/2025\/09\/image-32.png 837w, https:\/\/www.greenmech.com.ro\/wp-content\/uploads\/2025\/09\/image-32-300x208.png 300w, https:\/\/www.greenmech.com.ro\/wp-content\/uploads\/2025\/09\/image-32-768x532.png 768w\" sizes=\"auto, (max-width: 837px) 100vw, 837px\" \/><\/figure>\n<\/div>\n\n\n\n<div class=\"wp-block-column is-layout-flow wp-block-column-is-layout-flow\">\n<figure class=\"wp-block-image size-full is-resized\"><img loading=\"lazy\" decoding=\"async\" width=\"790\" height=\"566\" src=\"https:\/\/www.greenmech.com.ro\/wp-content\/uploads\/2025\/09\/image-33.png\" alt=\"\" class=\"wp-image-97\" style=\"width:366px;height:auto\" srcset=\"https:\/\/www.greenmech.com.ro\/wp-content\/uploads\/2025\/09\/image-33.png 790w, https:\/\/www.greenmech.com.ro\/wp-content\/uploads\/2025\/09\/image-33-300x215.png 300w, https:\/\/www.greenmech.com.ro\/wp-content\/uploads\/2025\/09\/image-33-768x550.png 768w\" sizes=\"auto, (max-width: 790px) 100vw, 790px\" \/><\/figure>\n<\/div>\n\n\n\n<div class=\"wp-block-column is-layout-flow wp-block-column-is-layout-flow\">\n<figure class=\"wp-block-image size-full\"><img loading=\"lazy\" decoding=\"async\" width=\"837\" height=\"570\" src=\"https:\/\/www.greenmech.com.ro\/wp-content\/uploads\/2025\/09\/image-34.png\" alt=\"\" class=\"wp-image-98\" srcset=\"https:\/\/www.greenmech.com.ro\/wp-content\/uploads\/2025\/09\/image-34.png 837w, https:\/\/www.greenmech.com.ro\/wp-content\/uploads\/2025\/09\/image-34-300x204.png 300w, https:\/\/www.greenmech.com.ro\/wp-content\/uploads\/2025\/09\/image-34-768x523.png 768w\" sizes=\"auto, (max-width: 837px) 100vw, 837px\" \/><\/figure>\n<\/div>\n<\/div>\n\n\n\n<h3 class=\"wp-block-heading\">Caracteristici principale<\/h3>\n\n\n\n<p><strong>SISTEM DE ALIMENTARE \u201eNO-STRESS\u201d<\/strong><br>Ofer\u0103 protec\u021bie \u201eno-stress\u201d \u00eempotriva supra\u00eenc\u0103rc\u0103rii, detectare automat\u0103 a sarcinii \u0219i afi\u0219eaz\u0103 o gam\u0103 de date despre motor \u0219i toc\u0103tor pentru performan\u021be optime.<\/p>\n\n\n\n<p><strong>PLATOU ROTATIV LA 360\u00b0<\/strong><br>Indiferent de restric\u021biile de pe \u0219antier, \u00eentreaga unitate de alimentare \u0219i capul volanului poate fi rotit\u0103 la 360\u00b0 f\u0103r\u0103 a muta \u0219asiul pe ro\u021bi.<\/p>\n\n\n\n<p><strong>SISTEM CU DISC-LAM\u0102<\/strong><br>Include celebra configura\u021bie \u201eDisc-Blade\u201d, care permite rotirea muchiei de t\u0103iere \u0219i extinde intervalul de ascu\u021bire la aproximativ o dat\u0103 la 150 de ore de utilizare.<\/p>\n\n\n\n<p><strong>JGHEAB DE ALIMENTARE LARG<\/strong><br>Reduce timpul necesar debit\u0103rii cu fier\u0103str\u0103ul \u0219i ajut\u0103 la prevenirea declan\u0219\u0103rii accidentale a barei de siguran\u021b\u0103 la introducerea ramurilor late.<\/p>\n\n\n\n<p><strong>ROLE HIDRAULICE VERTICALE DUBLE<\/strong><br>Cele dou\u0103 role verticale hidraulice zdrobesc eficient materialul lemnos, cu mi\u0219c\u0103ri laterale minime.<\/p>\n\n\n\n<p><strong>116 dB PUTERE SONOR\u0102 \/ 92 dB PRESIUNE ACUSTIC\u0102<\/strong><br>Capotele rabatabile din plastic, c\u0103ptu\u0219ite cu material fonoabsorbant, \u00een combina\u021bie cu sistemul cu disc-lam\u0103, fac ca acest toc\u0103tor de lemn s\u0103 fie unul dintre cele mai silen\u021bioase de pe pia\u021b\u0103.<\/p>\n","protected":false},"excerpt":{"rendered":"<p>Prioritate pentru joburile cu risc ridicat Toc\u0103torul GreenMech QuadChip 160D Acest toc\u0103tor special, remorcat pe drum, este proiectat \u00een mod specific pentru contractori de \u00eentre\u021binere a drumurilor \u0219i autostr\u0103zilor. Informa\u021bii extra Capacitate 6&#8243; \/ 160 mm Rota\u021bie 360\u00b0 Ma\u0219in\u0103 sub 750 kg Sistem cu disc-lam\u0103 Sistem de alimentare \u201eNo-Stress\u201d Role de alimentare ac\u021bionate hidraulic Galerie [&hellip;]<\/p>\n","protected":false},"author":1,"featured_media":0,"parent":0,"menu_order":0,"comment_status":"closed","ping_status":"closed","template":"","meta":{"footnotes":""},"class_list":["post-92","page","type-page","status-publish","hentry"],"aioseo_notices":[],"_links":{"self":[{"href":"https:\/\/www.greenmech.com.ro\/index.php\/wp-json\/wp\/v2\/pages\/92","targetHints":{"allow":["GET"]}}],"collection":[{"href":"https:\/\/www.greenmech.com.ro\/index.php\/wp-json\/wp\/v2\/pages"}],"about":[{"href":"https:\/\/www.greenmech.com.ro\/index.php\/wp-json\/wp\/v2\/types\/page"}],"author":[{"embeddable":true,"href":"https:\/\/www.greenmech.com.ro\/index.php\/wp-json\/wp\/v2\/users\/1"}],"replies":[{"embeddable":true,"href":"https:\/\/www.greenmech.com.ro\/index.php\/wp-json\/wp\/v2\/comments?post=92"}],"version-history":[{"count":5,"href":"https:\/\/www.greenmech.com.ro\/index.php\/wp-json\/wp\/v2\/pages\/92\/revisions"}],"predecessor-version":[{"id":197,"href":"https:\/\/www.greenmech.com.ro\/index.php\/wp-json\/wp\/v2\/pages\/92\/revisions\/197"}],"wp:attachment":[{"href":"https:\/\/www.greenmech.com.ro\/index.php\/wp-json\/wp\/v2\/media?parent=92"}],"curies":[{"name":"wp","href":"https:\/\/api.w.org\/{rel}","templated":true}]}}