{"id":83,"date":"2025-09-16T09:49:22","date_gmt":"2025-09-16T09:49:22","guid":{"rendered":"http:\/\/www.greenmech.com.ro\/?page_id=83"},"modified":"2025-09-22T09:47:02","modified_gmt":"2025-09-22T09:47:02","slug":"tocatorul-greenmech-evo-205tt","status":"publish","type":"page","link":"https:\/\/www.greenmech.com.ro\/index.php\/tocatorul-greenmech-evo-205tt\/","title":{"rendered":"Toc\u0103torul GreenMech EVO 205TT"},"content":{"rendered":"\n<h3 class=\"wp-block-heading\">Putere feroce la 360\u00b0<\/h3>\n\n\n\n<div style=\"height:41px\" aria-hidden=\"true\" class=\"wp-block-spacer\"><\/div>\n\n\n\n<figure class=\"wp-block-image size-full\"><img loading=\"lazy\" decoding=\"async\" width=\"902\" height=\"582\" src=\"https:\/\/www.greenmech.com.ro\/wp-content\/uploads\/2025\/09\/image-25.png\" alt=\"\" class=\"wp-image-85\" srcset=\"https:\/\/www.greenmech.com.ro\/wp-content\/uploads\/2025\/09\/image-25.png 902w, https:\/\/www.greenmech.com.ro\/wp-content\/uploads\/2025\/09\/image-25-300x194.png 300w, https:\/\/www.greenmech.com.ro\/wp-content\/uploads\/2025\/09\/image-25-768x496.png 768w\" sizes=\"auto, (max-width: 902px) 100vw, 902px\" \/><\/figure>\n\n\n\n<div style=\"height:25px\" aria-hidden=\"true\" class=\"wp-block-spacer\"><\/div>\n\n\n\n<h3 class=\"wp-block-heading\">Toc\u0103torul GreenMech EVO 205TT<\/h3>\n\n\n\n<p>Toc\u0103torul EVO 205TT a fost proiectat pentru sectoarele industriale care necesit\u0103 o combina\u021bie \u00eentre performan\u021b\u0103 excep\u021bional\u0103 de tocare \u0219i o platform\u0103 rotativ\u0103 la 360\u00b0, pentru a oferi flexibilitate maxim\u0103 \u00een pozi\u021bionarea utilajului \u0219i o operare \u00een siguran\u021b\u0103.<\/p>\n\n\n\n<div style=\"height:9px\" aria-hidden=\"true\" class=\"wp-block-spacer\"><\/div>\n\n\n\n<div class=\"wp-block-columns is-layout-flex wp-container-core-columns-is-layout-28f84493 wp-block-columns-is-layout-flex\">\n<div class=\"wp-block-column is-layout-flow wp-block-column-is-layout-flow\">\n<div class=\"wp-block-buttons is-layout-flex wp-block-buttons-is-layout-flex\">\n<div class=\"wp-block-button\"><a class=\"wp-block-button__link wp-element-button\" href=\"tel: +40744671621\">Cereti detalii<\/a><\/div>\n\n\n\n<div class=\"wp-block-button\"><a class=\"wp-block-button__link wp-element-button\" href=\"mailto:office@greenmech.com.ro\">Cereti oferta<\/a><\/div>\n<\/div>\n<\/div>\n\n\n\n<div class=\"wp-block-column is-layout-flow wp-block-column-is-layout-flow\"><\/div>\n<\/div>\n\n\n\n<h3 class=\"wp-block-heading\">Informa\u021bii extra<\/h3>\n\n\n\n<div class=\"wp-block-group is-vertical is-layout-flex wp-container-core-group-is-layout-fe9cc265 wp-block-group-is-layout-flex\">\n<p><strong>Cuplu \u0218I mai agresiv<\/strong><\/p>\n\n\n\n<p><strong>Mu\u0219c\u0103tur\u0103 \u0218I mai agresiv\u0103<\/strong><\/p>\n\n\n\n<p><strong>\u0218I mai mult randament<\/strong><\/p>\n\n\n\n<p><strong>Capacitate de 8&#8243; \/ 205 mm<\/strong><\/p>\n\n\n\n<p><strong>Volant\u0103 heavy-duty cu 6 lame<\/strong><\/p>\n\n\n\n<p><strong><strong><strong>Tehnologie Smart Sense<\/strong><\/strong><\/strong><\/p>\n<\/div>\n\n\n\n<div style=\"height:15px\" aria-hidden=\"true\" class=\"wp-block-spacer\"><\/div>\n\n\n\n<h3 class=\"wp-block-heading\">Galerie foto<\/h3>\n\n\n\n<figure class=\"wp-block-image size-full\"><img loading=\"lazy\" decoding=\"async\" width=\"906\" height=\"580\" src=\"https:\/\/www.greenmech.com.ro\/wp-content\/uploads\/2025\/09\/image-26.png\" alt=\"\" class=\"wp-image-86\" srcset=\"https:\/\/www.greenmech.com.ro\/wp-content\/uploads\/2025\/09\/image-26.png 906w, https:\/\/www.greenmech.com.ro\/wp-content\/uploads\/2025\/09\/image-26-300x192.png 300w, https:\/\/www.greenmech.com.ro\/wp-content\/uploads\/2025\/09\/image-26-768x492.png 768w\" sizes=\"auto, (max-width: 906px) 100vw, 906px\" \/><\/figure>\n\n\n\n<div class=\"wp-block-columns is-layout-flex wp-container-core-columns-is-layout-28f84493 wp-block-columns-is-layout-flex\">\n<div class=\"wp-block-column is-layout-flow wp-block-column-is-layout-flow\">\n<figure class=\"wp-block-image size-full\"><img loading=\"lazy\" decoding=\"async\" width=\"859\" height=\"545\" src=\"https:\/\/www.greenmech.com.ro\/wp-content\/uploads\/2025\/09\/image-27.png\" alt=\"\" class=\"wp-image-87\" srcset=\"https:\/\/www.greenmech.com.ro\/wp-content\/uploads\/2025\/09\/image-27.png 859w, https:\/\/www.greenmech.com.ro\/wp-content\/uploads\/2025\/09\/image-27-300x190.png 300w, https:\/\/www.greenmech.com.ro\/wp-content\/uploads\/2025\/09\/image-27-768x487.png 768w\" sizes=\"auto, (max-width: 859px) 100vw, 859px\" \/><\/figure>\n<\/div>\n\n\n\n<div class=\"wp-block-column is-layout-flow wp-block-column-is-layout-flow\">\n<figure class=\"wp-block-image size-full\"><img loading=\"lazy\" decoding=\"async\" width=\"903\" height=\"580\" src=\"https:\/\/www.greenmech.com.ro\/wp-content\/uploads\/2025\/09\/image-28.png\" alt=\"\" class=\"wp-image-88\" srcset=\"https:\/\/www.greenmech.com.ro\/wp-content\/uploads\/2025\/09\/image-28.png 903w, https:\/\/www.greenmech.com.ro\/wp-content\/uploads\/2025\/09\/image-28-300x193.png 300w, https:\/\/www.greenmech.com.ro\/wp-content\/uploads\/2025\/09\/image-28-768x493.png 768w\" sizes=\"auto, (max-width: 903px) 100vw, 903px\" \/><\/figure>\n<\/div>\n\n\n\n<div class=\"wp-block-column is-layout-flow wp-block-column-is-layout-flow\">\n<figure class=\"wp-block-image size-full\"><img loading=\"lazy\" decoding=\"async\" width=\"860\" height=\"567\" src=\"https:\/\/www.greenmech.com.ro\/wp-content\/uploads\/2025\/09\/image-29.png\" alt=\"\" class=\"wp-image-89\" srcset=\"https:\/\/www.greenmech.com.ro\/wp-content\/uploads\/2025\/09\/image-29.png 860w, https:\/\/www.greenmech.com.ro\/wp-content\/uploads\/2025\/09\/image-29-300x198.png 300w, https:\/\/www.greenmech.com.ro\/wp-content\/uploads\/2025\/09\/image-29-768x506.png 768w\" sizes=\"auto, (max-width: 860px) 100vw, 860px\" \/><\/figure>\n<\/div>\n<\/div>\n\n\n\n<h3 class=\"wp-block-heading\">Caracteristici principale<\/h3>\n\n\n\n<h5 class=\"wp-block-heading\">NOUL CONTROLER \u201eSMART SENSE\u201d<\/h5>\n\n\n\n<p>Asigur\u0103 protec\u021bie \u201eno-stress\u201d \u00eempotriva supra\u00eenc\u0103rc\u0103rii, detectare automat\u0103 a sarcinii \u0219i afi\u0219eaz\u0103 o gam\u0103 de date despre motor \u0219i toc\u0103tor pentru performan\u021be optime.<\/p>\n\n\n\n<h5 class=\"wp-block-heading\">VOLANT\u0102 HEAVY-DUTY CU 6 LAME<\/h5>\n\n\n\n<p>Montat\u0103 pe o volant\u0103 de 126 kg, cele 6 disc-lame permit rotirea muchiei de t\u0103iere \u0219i extind intervalul de ascu\u021bire la aproximativ o dat\u0103 la 150 de ore de utilizare.<\/p>\n\n\n\n<h5 class=\"wp-block-heading\">ROTIRE LA 360\u00b0<\/h5>\n\n\n\n<p>Permite operatorului s\u0103 g\u0103seasc\u0103 pozi\u021bia cea mai sigur\u0103 pentru alimentarea ma\u0219inii, oferind p\u00e2n\u0103 la 44 de pozi\u021bii diferite pe \u00eentreaga rota\u021bie de 360\u00b0.<\/p>\n\n\n\n<h5 class=\"wp-block-heading\">JGHEAB DE ALIMENTARE LARG<\/h5>\n\n\n\n<p>Reduce timpul necesar debit\u0103rii cu fier\u0103str\u0103ul \u0219i ajut\u0103 la prevenirea declan\u0219\u0103rii accidentale a barei de siguran\u021b\u0103 la introducerea ramurilor late.<\/p>\n\n\n\n<h5 class=\"wp-block-heading\">ROLE ORIZONTALE<\/h5>\n\n\n\n<p>Adun\u0103 \u0219i prind materialul, asigur\u00e2nd un flux lin c\u0103tre procesor, cu mi\u0219c\u0103ri laterale reduse.<\/p>\n\n\n\n<h5 class=\"wp-block-heading\">120 dB PUTERE SONOR\u0102 \/ 91 dB PRESIUNE ACUSTIC\u0102<\/h5>\n\n\n\n<p>Capota rabatabil\u0103 din o\u021bel este c\u0103ptu\u0219it\u0103 cu material fonoabsorbant, care, \u00een combina\u021bie cu sistemul cu disc-lam\u0103, ofer\u0103 unul dintre cele mai silen\u021bioase toc\u0103toare de lemn de pe pia\u021b\u0103.<\/p>\n\n\n\n<p><\/p>\n","protected":false},"excerpt":{"rendered":"<p>Putere feroce la 360\u00b0 Toc\u0103torul GreenMech EVO 205TT Toc\u0103torul EVO 205TT a fost proiectat pentru sectoarele industriale care necesit\u0103 o combina\u021bie \u00eentre performan\u021b\u0103 excep\u021bional\u0103 de tocare \u0219i o platform\u0103 rotativ\u0103 la 360\u00b0, pentru a oferi flexibilitate maxim\u0103 \u00een pozi\u021bionarea utilajului \u0219i o operare \u00een siguran\u021b\u0103. Informa\u021bii extra Cuplu \u0218I mai agresiv Mu\u0219c\u0103tur\u0103 \u0218I mai agresiv\u0103 [&hellip;]<\/p>\n","protected":false},"author":1,"featured_media":0,"parent":0,"menu_order":0,"comment_status":"closed","ping_status":"closed","template":"","meta":{"footnotes":""},"class_list":["post-83","page","type-page","status-publish","hentry"],"aioseo_notices":[],"_links":{"self":[{"href":"https:\/\/www.greenmech.com.ro\/index.php\/wp-json\/wp\/v2\/pages\/83","targetHints":{"allow":["GET"]}}],"collection":[{"href":"https:\/\/www.greenmech.com.ro\/index.php\/wp-json\/wp\/v2\/pages"}],"about":[{"href":"https:\/\/www.greenmech.com.ro\/index.php\/wp-json\/wp\/v2\/types\/page"}],"author":[{"embeddable":true,"href":"https:\/\/www.greenmech.com.ro\/index.php\/wp-json\/wp\/v2\/users\/1"}],"replies":[{"embeddable":true,"href":"https:\/\/www.greenmech.com.ro\/index.php\/wp-json\/wp\/v2\/comments?post=83"}],"version-history":[{"count":4,"href":"https:\/\/www.greenmech.com.ro\/index.php\/wp-json\/wp\/v2\/pages\/83\/revisions"}],"predecessor-version":[{"id":196,"href":"https:\/\/www.greenmech.com.ro\/index.php\/wp-json\/wp\/v2\/pages\/83\/revisions\/196"}],"wp:attachment":[{"href":"https:\/\/www.greenmech.com.ro\/index.php\/wp-json\/wp\/v2\/media?parent=83"}],"curies":[{"name":"wp","href":"https:\/\/api.w.org\/{rel}","templated":true}]}}