{"id":74,"date":"2025-09-16T09:47:10","date_gmt":"2025-09-16T09:47:10","guid":{"rendered":"http:\/\/www.greenmech.com.ro\/?page_id=74"},"modified":"2025-09-22T09:46:03","modified_gmt":"2025-09-22T09:46:03","slug":"tocatorul-greenmech-evo-205d","status":"publish","type":"page","link":"https:\/\/www.greenmech.com.ro\/index.php\/tocatorul-greenmech-evo-205d\/","title":{"rendered":"Toc\u0103torul GreenMech EVO 205D"},"content":{"rendered":"\n<h3 class=\"wp-block-heading\">Fratele mai mare al toc\u0103torului EVO 165<\/h3>\n\n\n\n<div style=\"height:41px\" aria-hidden=\"true\" class=\"wp-block-spacer\"><\/div>\n\n\n\n<figure class=\"wp-block-image size-full\"><img loading=\"lazy\" decoding=\"async\" width=\"917\" height=\"579\" src=\"https:\/\/www.greenmech.com.ro\/wp-content\/uploads\/2025\/09\/image-20.png\" alt=\"\" class=\"wp-image-75\" srcset=\"https:\/\/www.greenmech.com.ro\/wp-content\/uploads\/2025\/09\/image-20.png 917w, https:\/\/www.greenmech.com.ro\/wp-content\/uploads\/2025\/09\/image-20-300x189.png 300w, https:\/\/www.greenmech.com.ro\/wp-content\/uploads\/2025\/09\/image-20-768x485.png 768w\" sizes=\"auto, (max-width: 917px) 100vw, 917px\" \/><\/figure>\n\n\n\n<div style=\"height:25px\" aria-hidden=\"true\" class=\"wp-block-spacer\"><\/div>\n\n\n\n<h3 class=\"wp-block-heading\">Toc\u0103torul GreenMech EVO 205d <\/h3>\n\n\n\n<p>EVO 205D reprezint\u0103 tot ceea ce \u00eenseamn\u0103 evolu\u021bie \u00eentr-un toc\u0103tor de 8 inci. <\/p>\n\n\n\n<div class=\"wp-block-group is-nowrap is-layout-flex wp-container-core-group-is-layout-6c531013 wp-block-group-is-layout-flex\">\n<div class=\"wp-block-buttons is-layout-flex wp-block-buttons-is-layout-flex\">\n<div class=\"wp-block-button\"><a class=\"wp-block-button__link wp-element-button\" href=\"tel: +40744671621\">Cereti detalii<\/a><\/div>\n\n\n\n<div class=\"wp-block-button\"><a class=\"wp-block-button__link wp-element-button\" href=\"mailto:sales@timan.ro\">Cereti oferta<\/a><\/div>\n<\/div>\n<\/div>\n\n\n\n<div style=\"height:14px\" aria-hidden=\"true\" class=\"wp-block-spacer\"><\/div>\n\n\n\n<h3 class=\"wp-block-heading\">Informa\u021bii extra<\/h3>\n\n\n\n<div class=\"wp-block-group is-vertical is-layout-flex wp-container-core-group-is-layout-fe9cc265 wp-block-group-is-layout-flex\">\n<p><strong>Cuplu \u0218I mai agresiv<\/strong><\/p>\n\n\n\n<p><strong>Mu\u0219c\u0103tur\u0103 \u0218I mai agresiv\u0103<\/strong><\/p>\n\n\n\n<p><strong>\u0218I mai mult randament <\/strong><\/p>\n\n\n\n<p><strong>Capacitate de 8&#8243; \/ 205 mm<\/strong><\/p>\n\n\n\n<p><strong>Volant\u0103 heavy-duty<\/strong> <strong>cu 6 lame<\/strong><\/p>\n\n\n\n<p><strong>Tehnologie Smart Sense<\/strong><\/p>\n<\/div>\n\n\n\n<div style=\"height:24px\" aria-hidden=\"true\" class=\"wp-block-spacer\"><\/div>\n\n\n\n<div class=\"wp-block-columns is-layout-flex wp-container-core-columns-is-layout-28f84493 wp-block-columns-is-layout-flex\">\n<div class=\"wp-block-column is-layout-flow wp-block-column-is-layout-flow\">\n<figure class=\"wp-block-image size-full\"><img loading=\"lazy\" decoding=\"async\" width=\"916\" height=\"590\" src=\"https:\/\/www.greenmech.com.ro\/wp-content\/uploads\/2025\/09\/image-21.png\" alt=\"\" class=\"wp-image-76\" srcset=\"https:\/\/www.greenmech.com.ro\/wp-content\/uploads\/2025\/09\/image-21.png 916w, https:\/\/www.greenmech.com.ro\/wp-content\/uploads\/2025\/09\/image-21-300x193.png 300w, https:\/\/www.greenmech.com.ro\/wp-content\/uploads\/2025\/09\/image-21-768x495.png 768w\" sizes=\"auto, (max-width: 916px) 100vw, 916px\" \/><\/figure>\n<\/div>\n\n\n\n<div class=\"wp-block-column is-layout-flow wp-block-column-is-layout-flow\">\n<figure class=\"wp-block-image size-full is-resized\"><img loading=\"lazy\" decoding=\"async\" width=\"819\" height=\"566\" src=\"https:\/\/www.greenmech.com.ro\/wp-content\/uploads\/2025\/09\/image-22.png\" alt=\"\" class=\"wp-image-77\" style=\"width:360px;height:auto\" srcset=\"https:\/\/www.greenmech.com.ro\/wp-content\/uploads\/2025\/09\/image-22.png 819w, https:\/\/www.greenmech.com.ro\/wp-content\/uploads\/2025\/09\/image-22-300x207.png 300w, https:\/\/www.greenmech.com.ro\/wp-content\/uploads\/2025\/09\/image-22-768x531.png 768w\" sizes=\"auto, (max-width: 819px) 100vw, 819px\" \/><\/figure>\n<\/div>\n\n\n\n<div class=\"wp-block-column is-layout-flow wp-block-column-is-layout-flow\">\n<figure class=\"wp-block-image size-full\"><img loading=\"lazy\" decoding=\"async\" width=\"878\" height=\"579\" src=\"https:\/\/www.greenmech.com.ro\/wp-content\/uploads\/2025\/09\/image-24.png\" alt=\"\" class=\"wp-image-79\" srcset=\"https:\/\/www.greenmech.com.ro\/wp-content\/uploads\/2025\/09\/image-24.png 878w, https:\/\/www.greenmech.com.ro\/wp-content\/uploads\/2025\/09\/image-24-300x198.png 300w, https:\/\/www.greenmech.com.ro\/wp-content\/uploads\/2025\/09\/image-24-768x506.png 768w\" sizes=\"auto, (max-width: 878px) 100vw, 878px\" \/><\/figure>\n<\/div>\n<\/div>\n\n\n\n<h3 class=\"wp-block-heading\">Caracteristici principale<\/h3>\n\n\n\n<h5 class=\"wp-block-heading\">NOU CONTROLER \u201eSMART SENSE\u201d<\/h5>\n\n\n\n<p>Asigur\u0103 protec\u021bie \u201eno-stress\u201d \u00eempotriva supra\u00eenc\u0103rc\u0103rii, detectare automat\u0103 a sarcinii \u0219i afi\u0219eaz\u0103 o gam\u0103 de date despre motor \u0219i toc\u0103tor pentru performan\u021be optime.<\/p>\n\n\n\n<p><strong>VOLANT\u0102 HEAVY-DUTY CU 6 LAME<\/strong><br>Montat\u0103 pe o volant\u0103 de 126 kg, cele 6 lame-disc permit rotirea lamei de t\u0103iere \u0219i extind intervalul de ascu\u021bire la aproximativ o dat\u0103 la 150 de ore de utilizare.<\/p>\n\n\n\n<p><strong>GUR\u0102 DE ALIMENTARE RABATABIL\u0102<\/strong><br>Ofer\u0103 vizibilitate bun\u0103 asupra panoului luminos \u00een timpul transportului \u0219i reduce lungimea total\u0103 pentru depozitare.<\/p>\n\n\n\n<p><strong>GUR\u0102 DE ALIMENTARE LARG\u0102<\/strong><br>Reduce timpul necesar t\u0103ierii cu fier\u0103str\u0103ul \u0219i ajut\u0103 la prevenirea declan\u0219\u0103rii accidentale a barei de siguran\u021b\u0103 la introducerea ramurilor groase.<\/p>\n\n\n\n<p><strong>ROLE ORIZONTALE<\/strong><br>Prind \u0219i ghideaz\u0103 materialul, asigur\u00e2nd un flux lin \u00een procesor \u0219i reduc\u00e2nd mi\u0219c\u0103rile laterale.<\/p>\n\n\n\n<p><strong>118 dB PUTERE SONOR\u0102 \/ 91 dB PRESIUNE ACUSTIC\u0102<\/strong><br>Capota rabatabil\u0103 din o\u021bel este c\u0103ptu\u0219it\u0103 cu material fonoabsorbant, care, \u00een combina\u021bie cu sistemul cu disc-lam\u0103, ofer\u0103 unul dintre cele mai silen\u021bioase toc\u0103toare de lemn de pe pia\u021b\u0103.<\/p>\n","protected":false},"excerpt":{"rendered":"<p>Fratele mai mare al toc\u0103torului EVO 165 Toc\u0103torul GreenMech EVO 205d EVO 205D reprezint\u0103 tot ceea ce \u00eenseamn\u0103 evolu\u021bie \u00eentr-un toc\u0103tor de 8 inci. Informa\u021bii extra Cuplu \u0218I mai agresiv Mu\u0219c\u0103tur\u0103 \u0218I mai agresiv\u0103 \u0218I mai mult randament Capacitate de 8&#8243; \/ 205 mm Volant\u0103 heavy-duty cu 6 lame Tehnologie Smart Sense Caracteristici principale NOU [&hellip;]<\/p>\n","protected":false},"author":1,"featured_media":76,"parent":0,"menu_order":0,"comment_status":"closed","ping_status":"closed","template":"","meta":{"footnotes":""},"class_list":["post-74","page","type-page","status-publish","has-post-thumbnail","hentry"],"aioseo_notices":[],"_links":{"self":[{"href":"https:\/\/www.greenmech.com.ro\/index.php\/wp-json\/wp\/v2\/pages\/74","targetHints":{"allow":["GET"]}}],"collection":[{"href":"https:\/\/www.greenmech.com.ro\/index.php\/wp-json\/wp\/v2\/pages"}],"about":[{"href":"https:\/\/www.greenmech.com.ro\/index.php\/wp-json\/wp\/v2\/types\/page"}],"author":[{"embeddable":true,"href":"https:\/\/www.greenmech.com.ro\/index.php\/wp-json\/wp\/v2\/users\/1"}],"replies":[{"embeddable":true,"href":"https:\/\/www.greenmech.com.ro\/index.php\/wp-json\/wp\/v2\/comments?post=74"}],"version-history":[{"count":3,"href":"https:\/\/www.greenmech.com.ro\/index.php\/wp-json\/wp\/v2\/pages\/74\/revisions"}],"predecessor-version":[{"id":195,"href":"https:\/\/www.greenmech.com.ro\/index.php\/wp-json\/wp\/v2\/pages\/74\/revisions\/195"}],"wp:featuredmedia":[{"embeddable":true,"href":"https:\/\/www.greenmech.com.ro\/index.php\/wp-json\/wp\/v2\/media\/76"}],"wp:attachment":[{"href":"https:\/\/www.greenmech.com.ro\/index.php\/wp-json\/wp\/v2\/media?parent=74"}],"curies":[{"name":"wp","href":"https:\/\/api.w.org\/{rel}","templated":true}]}}