{"id":237,"date":"2025-09-25T12:11:59","date_gmt":"2025-09-25T12:11:59","guid":{"rendered":"https:\/\/www.greenmech.com.ro\/?page_id=237"},"modified":"2025-09-25T12:11:59","modified_gmt":"2025-09-25T12:11:59","slug":"tocator-greenmech-evo-205d-sure-track","status":"publish","type":"page","link":"https:\/\/www.greenmech.com.ro\/index.php\/tocator-greenmech-evo-205d-sure-track\/","title":{"rendered":"Toc\u0103tor GreenMech EVO 205D SURE-Track"},"content":{"rendered":"\n<h3 class=\"wp-block-heading\">Cel mai performant toc\u0103tor pe \u0219enile pentru autostr\u0103zi \u0219i c\u0103i ferate<\/h3>\n\n\n\n<div class=\"wp-block-group is-layout-constrained wp-block-group-is-layout-constrained\">\n<div class=\"wp-block-columns is-layout-flex wp-container-core-columns-is-layout-28f84493 wp-block-columns-is-layout-flex\">\n<div class=\"wp-block-column is-layout-flow wp-block-column-is-layout-flow\"><\/div>\n\n\n\n<div class=\"wp-block-column is-layout-flow wp-block-column-is-layout-flow\"><\/div>\n<\/div>\n<\/div>\n\n\n\n<div class=\"wp-block-group is-content-justification-right is-layout-constrained wp-container-core-group-is-layout-f1f2ed93 wp-block-group-is-layout-constrained\">\n<figure class=\"wp-block-image size-full is-resized\"><img loading=\"lazy\" decoding=\"async\" width=\"578\" height=\"484\" src=\"https:\/\/www.greenmech.com.ro\/wp-content\/uploads\/2025\/09\/image-69.png\" alt=\"\" class=\"wp-image-238\" style=\"width:561px;height:auto\" srcset=\"https:\/\/www.greenmech.com.ro\/wp-content\/uploads\/2025\/09\/image-69.png 578w, https:\/\/www.greenmech.com.ro\/wp-content\/uploads\/2025\/09\/image-69-300x251.png 300w\" sizes=\"auto, (max-width: 578px) 100vw, 578px\" \/><\/figure>\n<\/div>\n\n\n\n<div class=\"wp-block-buttons is-layout-flex wp-block-buttons-is-layout-flex\">\n<div class=\"wp-block-button\"><a class=\"wp-block-button__link wp-element-button\" href=\"tel: +40744671621\">Cere\u021bi detalii<\/a><\/div>\n\n\n\n<div class=\"wp-block-button\"><a class=\"wp-block-button__link wp-element-button\" href=\"mailto:office@greenmech.com.ro\">Cere\u021bi ofert\u0103<\/a><\/div>\n<\/div>\n\n\n\n<h5 class=\"wp-block-heading\"><strong><strong>\u0218I mai mult cuplu agresiv<\/strong><\/strong><\/h5>\n\n\n\n<h5 class=\"wp-block-heading\"><strong><strong><strong>Chiar mai mult\u0103 for\u021b\u0103 <\/strong><\/strong><\/strong><\/h5>\n\n\n\n<h5 class=\"wp-block-heading\"><strong><strong><strong>Chiar mai mult randament<\/strong><\/strong><\/strong><\/h5>\n\n\n\n<h5 class=\"wp-block-heading\"><strong><strong><strong><strong>Sistem SURE-Trak<\/strong><\/strong><\/strong><\/strong><\/h5>\n\n\n\n<h5 class=\"wp-block-heading\"><strong><strong><strong>Controller Smart Sense<\/strong><\/strong><\/strong><\/h5>\n\n\n\n<h5 class=\"wp-block-heading\"><strong><strong><strong>Gard\u0103 la sol de 540 mm<\/strong><\/strong><\/strong><\/h5>\n\n\n\n<div style=\"height:35px\" aria-hidden=\"true\" class=\"wp-block-spacer\"><\/div>\n\n\n\n<figure class=\"wp-block-embed is-type-video is-provider-youtube wp-block-embed-youtube wp-embed-aspect-16-9 wp-has-aspect-ratio\"><div class=\"wp-block-embed__wrapper\">\n<iframe loading=\"lazy\" title=\"GreenMech EVO 205D SURE-Trak Promotional Video\" width=\"500\" height=\"281\" src=\"https:\/\/www.youtube.com\/embed\/MoagR0e0pww?feature=oembed\" frameborder=\"0\" allow=\"accelerometer; autoplay; clipboard-write; encrypted-media; gyroscope; picture-in-picture; web-share\" referrerpolicy=\"strict-origin-when-cross-origin\" allowfullscreen><\/iframe>\n<\/div><\/figure>\n\n\n\n<div class=\"wp-block-columns is-layout-flex wp-container-core-columns-is-layout-28f84493 wp-block-columns-is-layout-flex\">\n<div class=\"wp-block-column is-layout-flow wp-block-column-is-layout-flow\">\n<figure class=\"wp-block-image size-full\"><img loading=\"lazy\" decoding=\"async\" width=\"984\" height=\"693\" src=\"https:\/\/www.greenmech.com.ro\/wp-content\/uploads\/2025\/09\/image-70.png\" alt=\"\" class=\"wp-image-239\" srcset=\"https:\/\/www.greenmech.com.ro\/wp-content\/uploads\/2025\/09\/image-70.png 984w, https:\/\/www.greenmech.com.ro\/wp-content\/uploads\/2025\/09\/image-70-300x211.png 300w, https:\/\/www.greenmech.com.ro\/wp-content\/uploads\/2025\/09\/image-70-768x541.png 768w\" sizes=\"auto, (max-width: 984px) 100vw, 984px\" \/><\/figure>\n<\/div>\n\n\n\n<div class=\"wp-block-column is-layout-flow wp-block-column-is-layout-flow\">\n<figure class=\"wp-block-image size-full\"><img loading=\"lazy\" decoding=\"async\" width=\"1003\" height=\"692\" src=\"https:\/\/www.greenmech.com.ro\/wp-content\/uploads\/2025\/09\/image-71.png\" alt=\"\" class=\"wp-image-240\" srcset=\"https:\/\/www.greenmech.com.ro\/wp-content\/uploads\/2025\/09\/image-71.png 1003w, https:\/\/www.greenmech.com.ro\/wp-content\/uploads\/2025\/09\/image-71-300x207.png 300w, https:\/\/www.greenmech.com.ro\/wp-content\/uploads\/2025\/09\/image-71-768x530.png 768w\" sizes=\"auto, (max-width: 1003px) 100vw, 1003px\" \/><\/figure>\n<\/div>\n<\/div>\n\n\n\n<div style=\"height:19px\" aria-hidden=\"true\" class=\"wp-block-spacer\"><\/div>\n\n\n\n<h3 class=\"wp-block-heading\">Caracteristici principale<\/h3>\n\n\n\n<p><strong>NOUL CONTROLLER \u201eSMART SENSE\u201d<\/strong><\/p>\n\n\n\n<p>Ofer\u0103 protec\u021bie \u201eno-stress\u201d \u00eempotriva suprasarcinii, detectare automat\u0103 a \u00eenc\u0103rc\u0103rii \u0219i o gam\u0103 de date despre motor \u0219i toc\u0103tor, pentru a asigura performan\u021be optime.<\/p>\n\n\n\n<h3 class=\"wp-block-heading\">SISTEMUL SURE-TRAK<\/h3>\n\n\n\n<p>Ansamblurile de \u0219enile cu pivotare independent\u0103 permit fiec\u0103rei \u0219enile s\u0103 men\u021bin\u0103 contactul cu solul, urm\u0103rind diferen\u021bele de relief \u0219i asigur\u00e2nd astfel o stabilitate mai bun\u0103 \u0219i o amprent\u0103 mai sigur\u0103 pe teren.<\/p>\n\n\n\n<h3 class=\"wp-block-heading\">GARDA LA SOL<\/h3>\n\n\n\n<p>O gard\u0103 de <strong>250 mm<\/strong> cu \u0219enilele retrase \u0219i de <strong>540 mm<\/strong> cu \u0219enilele extinse faciliteaz\u0103 accesul pe terenuri dificile \u0219i solicitante.<\/p>\n\n\n\n<h3 class=\"wp-block-heading\">FUNC\u021aIA TRACK OR CHIP<\/h3>\n\n\n\n<p>Comutatorul de pe consol\u0103 garanteaz\u0103 c\u0103 utilajul func\u021bioneaz\u0103 fie \u00een regim de deplasare, fie de tocare, minimiz\u00e2nd riscul unei ac\u021bion\u0103ri accidentale.<\/p>\n\n\n\n<h3 class=\"wp-block-heading\">ROLE ORIZONTALE<\/h3>\n\n\n\n<p>Adun\u0103 \u0219i fixeaz\u0103 materialul, asigur\u00e2nd un flux uniform c\u0103tre procesor \u0219i reduc\u00e2nd mi\u0219carea lateral\u0103.<\/p>\n\n\n\n<h3 class=\"wp-block-heading\">TRANSMISIE CU \u0218ENILE DUBLE<\/h3>\n\n\n\n<p>Fiecare \u0219enil\u0103 are propriul motor de ac\u021bionare, pentru siguran\u021b\u0103 \u0219i fiabilitate sporite, iar \u00eempreun\u0103 ofer\u0103 o vitez\u0103 de deplasare de <strong>4 km\/h<\/strong>.<\/p>\n","protected":false},"excerpt":{"rendered":"<p>Cel mai performant toc\u0103tor pe \u0219enile pentru autostr\u0103zi \u0219i c\u0103i ferate \u0218I mai mult cuplu agresiv Chiar mai mult\u0103 for\u021b\u0103 Chiar mai mult randament Sistem SURE-Trak Controller Smart Sense Gard\u0103 la sol de 540 mm Caracteristici principale NOUL CONTROLLER \u201eSMART SENSE\u201d Ofer\u0103 protec\u021bie \u201eno-stress\u201d \u00eempotriva suprasarcinii, detectare automat\u0103 a \u00eenc\u0103rc\u0103rii \u0219i o gam\u0103 de date [&hellip;]<\/p>\n","protected":false},"author":1,"featured_media":0,"parent":0,"menu_order":0,"comment_status":"closed","ping_status":"closed","template":"","meta":{"footnotes":""},"class_list":["post-237","page","type-page","status-publish","hentry"],"aioseo_notices":[],"_links":{"self":[{"href":"https:\/\/www.greenmech.com.ro\/index.php\/wp-json\/wp\/v2\/pages\/237","targetHints":{"allow":["GET"]}}],"collection":[{"href":"https:\/\/www.greenmech.com.ro\/index.php\/wp-json\/wp\/v2\/pages"}],"about":[{"href":"https:\/\/www.greenmech.com.ro\/index.php\/wp-json\/wp\/v2\/types\/page"}],"author":[{"embeddable":true,"href":"https:\/\/www.greenmech.com.ro\/index.php\/wp-json\/wp\/v2\/users\/1"}],"replies":[{"embeddable":true,"href":"https:\/\/www.greenmech.com.ro\/index.php\/wp-json\/wp\/v2\/comments?post=237"}],"version-history":[{"count":1,"href":"https:\/\/www.greenmech.com.ro\/index.php\/wp-json\/wp\/v2\/pages\/237\/revisions"}],"predecessor-version":[{"id":241,"href":"https:\/\/www.greenmech.com.ro\/index.php\/wp-json\/wp\/v2\/pages\/237\/revisions\/241"}],"wp:attachment":[{"href":"https:\/\/www.greenmech.com.ro\/index.php\/wp-json\/wp\/v2\/media?parent=237"}],"curies":[{"name":"wp","href":"https:\/\/api.w.org\/{rel}","templated":true}]}}