{"id":229,"date":"2025-09-25T12:02:35","date_gmt":"2025-09-25T12:02:35","guid":{"rendered":"https:\/\/www.greenmech.com.ro\/?page_id=229"},"modified":"2025-09-25T12:02:35","modified_gmt":"2025-09-25T12:02:35","slug":"tocatorul-greenmech-evo-250d-safe-trak","status":"publish","type":"page","link":"https:\/\/www.greenmech.com.ro\/index.php\/tocatorul-greenmech-evo-250d-safe-trak\/","title":{"rendered":"Toc\u0103torul GreenMech EVO 250D SAFE-Trak"},"content":{"rendered":"\n<h3 class=\"wp-block-heading\">Cel mai performant toc\u0103tor pe \u0219enile pentru autostr\u0103zi \u0219i c\u0103i ferate<\/h3>\n\n\n\n<div class=\"wp-block-group is-layout-constrained wp-block-group-is-layout-constrained\">\n<div class=\"wp-block-columns is-layout-flex wp-container-core-columns-is-layout-28f84493 wp-block-columns-is-layout-flex\">\n<div class=\"wp-block-column is-layout-flow wp-block-column-is-layout-flow\"><\/div>\n\n\n\n<div class=\"wp-block-column is-layout-flow wp-block-column-is-layout-flow\"><\/div>\n<\/div>\n<\/div>\n\n\n\n<div class=\"wp-block-group is-content-justification-right is-layout-constrained wp-container-core-group-is-layout-f1f2ed93 wp-block-group-is-layout-constrained\">\n<figure class=\"wp-block-image size-full\"><img loading=\"lazy\" decoding=\"async\" width=\"584\" height=\"509\" src=\"https:\/\/www.greenmech.com.ro\/wp-content\/uploads\/2025\/09\/image-61.png\" alt=\"\" class=\"wp-image-221\" srcset=\"https:\/\/www.greenmech.com.ro\/wp-content\/uploads\/2025\/09\/image-61.png 584w, https:\/\/www.greenmech.com.ro\/wp-content\/uploads\/2025\/09\/image-61-300x261.png 300w\" sizes=\"auto, (max-width: 584px) 100vw, 584px\" \/><\/figure>\n<\/div>\n\n\n\n<div class=\"wp-block-buttons is-layout-flex wp-block-buttons-is-layout-flex\">\n<div class=\"wp-block-button\"><a class=\"wp-block-button__link wp-element-button\" href=\"tel: +40744671621\">Cere\u021bi detalii<\/a><\/div>\n\n\n\n<div class=\"wp-block-button\"><a class=\"wp-block-button__link wp-element-button\" href=\"mailto:office@greenmech.com.ro\">Cere\u021bi ofert\u0103<\/a><\/div>\n<\/div>\n\n\n\n<h5 class=\"wp-block-heading\"><strong><strong>Chiar mai mult cuplu agresiv<\/strong><\/strong><\/h5>\n\n\n\n<h5 class=\"wp-block-heading\"><strong><strong><strong>Chiar mai mult\u0103 for\u021b\u0103 <\/strong><\/strong><\/strong><\/h5>\n\n\n\n<h5 class=\"wp-block-heading\"><strong><strong><strong>Chiar mai mult randament<\/strong><\/strong><\/strong><\/h5>\n\n\n\n<h5 class=\"wp-block-heading\"><strong><strong><strong>Sistem SAFE-Trak<\/strong><\/strong><\/strong><\/h5>\n\n\n\n<h5 class=\"wp-block-heading\"><strong><strong>Controller Smart Sense<\/strong><\/strong><\/h5>\n\n\n\n<h5 class=\"wp-block-heading\"><strong><strong>Garda la sol de 530 mm<\/strong><\/strong><\/h5>\n\n\n\n<div style=\"height:35px\" aria-hidden=\"true\" class=\"wp-block-spacer\"><\/div>\n\n\n\n<figure class=\"wp-block-image size-full\"><img loading=\"lazy\" decoding=\"async\" width=\"999\" height=\"690\" src=\"https:\/\/www.greenmech.com.ro\/wp-content\/uploads\/2025\/09\/image-62.png\" alt=\"\" class=\"wp-image-223\" srcset=\"https:\/\/www.greenmech.com.ro\/wp-content\/uploads\/2025\/09\/image-62.png 999w, https:\/\/www.greenmech.com.ro\/wp-content\/uploads\/2025\/09\/image-62-300x207.png 300w, https:\/\/www.greenmech.com.ro\/wp-content\/uploads\/2025\/09\/image-62-768x530.png 768w\" sizes=\"auto, (max-width: 999px) 100vw, 999px\" \/><\/figure>\n\n\n\n<div class=\"wp-block-columns is-layout-flex wp-container-core-columns-is-layout-28f84493 wp-block-columns-is-layout-flex\">\n<div class=\"wp-block-column is-layout-flow wp-block-column-is-layout-flow\">\n<figure class=\"wp-block-image size-full is-resized\"><img loading=\"lazy\" decoding=\"async\" width=\"1010\" height=\"717\" src=\"https:\/\/www.greenmech.com.ro\/wp-content\/uploads\/2025\/09\/image-63.png\" alt=\"\" class=\"wp-image-224\" style=\"width:487px;height:auto\" srcset=\"https:\/\/www.greenmech.com.ro\/wp-content\/uploads\/2025\/09\/image-63.png 1010w, https:\/\/www.greenmech.com.ro\/wp-content\/uploads\/2025\/09\/image-63-300x213.png 300w, https:\/\/www.greenmech.com.ro\/wp-content\/uploads\/2025\/09\/image-63-768x545.png 768w\" sizes=\"auto, (max-width: 1010px) 100vw, 1010px\" \/><\/figure>\n<\/div>\n\n\n\n<div class=\"wp-block-column is-layout-flow wp-block-column-is-layout-flow\">\n<figure class=\"wp-block-image size-full\"><img loading=\"lazy\" decoding=\"async\" width=\"1011\" height=\"678\" src=\"https:\/\/www.greenmech.com.ro\/wp-content\/uploads\/2025\/09\/image-64.png\" alt=\"\" class=\"wp-image-225\" srcset=\"https:\/\/www.greenmech.com.ro\/wp-content\/uploads\/2025\/09\/image-64.png 1011w, https:\/\/www.greenmech.com.ro\/wp-content\/uploads\/2025\/09\/image-64-300x201.png 300w, https:\/\/www.greenmech.com.ro\/wp-content\/uploads\/2025\/09\/image-64-768x515.png 768w\" sizes=\"auto, (max-width: 1011px) 100vw, 1011px\" \/><\/figure>\n<\/div>\n<\/div>\n\n\n\n<h3 class=\"wp-block-heading\">Informa\u021bii extra<\/h3>\n\n\n\n<p>Sistemul <strong>SAFE-Trak<\/strong> este proiectat cu sistemul de extensie a \u0219enilelor patentat \u0219i premiat GreenMech, oferind o gard\u0103 la sol de p\u00e2n\u0103 la <strong>530 mm<\/strong>, ceea ce permite accesul chiar \u0219i pe cele mai dificile tipuri de teren.<\/p>\n\n\n\n<div style=\"height:19px\" aria-hidden=\"true\" class=\"wp-block-spacer\"><\/div>\n\n\n\n<h3 class=\"wp-block-heading\">Caracteristici principale<\/h3>\n\n\n\n<p>NOUL CONTROLLER \u201eSMART SENSE\u201d<\/p>\n\n\n\n<p>Ofer\u0103 protec\u021bie \u201eno-stress\u201d \u00eempotriva suprasarcinii, detectare automat\u0103 a \u00eenc\u0103rc\u0103rii \u0219i o gam\u0103 de date privind motorul \u0219i toc\u0103torul, pentru a asigura performan\u021be optime.<\/p>\n\n\n\n<h3 class=\"wp-block-heading\">SISTEMUL SAFE-TRAK<\/h3>\n\n\n\n<p>Integreaz\u0103 dou\u0103 bra\u021be de \u0219enil\u0103 reglabile independent, permi\u021b\u00e2nd operatorului s\u0103 traverseze \u00een siguran\u021b\u0103 pante de p\u00e2n\u0103 la 35 de grade.<\/p>\n\n\n\n<h3 class=\"wp-block-heading\">GARDA LA SOL<\/h3>\n\n\n\n<p>O gard\u0103 de 250 mm cu \u0219enilele retrase \u0219i de 530 mm cu \u0219enilele extinse, asigur\u0103 accesul pe terenuri dificile \u0219i solicitante.<\/p>\n\n\n\n<h3 class=\"wp-block-heading\">FUNC\u021aIA TRACK OR CHIP<\/h3>\n\n\n\n<p>Comutatorul de pe consol\u0103 garanteaz\u0103 c\u0103 utilajul func\u021bioneaz\u0103 fie pe deplasare, fie pe toc\u0103tor. Minimizeaz\u0103 riscul unei ac\u021bion\u0103ri accidentale.<\/p>\n\n\n\n<h3 class=\"wp-block-heading\">ROLE ORIZONTALE<\/h3>\n\n\n\n<p>Adun\u0103 \u0219i prind materialul. Asigur\u0103 un flux uniform c\u0103tre procesor \u0219i reduc\u00e2nd mi\u0219carea lateral\u0103.<\/p>\n\n\n\n<h3 class=\"wp-block-heading\">TRANSMISIE CU \u0218ENILE DUBLE<\/h3>\n\n\n\n<p>Fiecare \u0219enil\u0103 are propriul motor de ac\u021bionare pentru un plus de siguran\u021b\u0103 \u0219i fiabilitate, asigur\u00e2nd \u00eempreun\u0103 o vitez\u0103 de deplasare de 4 km\/h.<\/p>\n","protected":false},"excerpt":{"rendered":"<p>Cel mai performant toc\u0103tor pe \u0219enile pentru autostr\u0103zi \u0219i c\u0103i ferate Chiar mai mult cuplu agresiv Chiar mai mult\u0103 for\u021b\u0103 Chiar mai mult randament Sistem SAFE-Trak Controller Smart Sense Garda la sol de 530 mm Informa\u021bii extra Sistemul SAFE-Trak este proiectat cu sistemul de extensie a \u0219enilelor patentat \u0219i premiat GreenMech, oferind o gard\u0103 la [&hellip;]<\/p>\n","protected":false},"author":1,"featured_media":0,"parent":0,"menu_order":0,"comment_status":"closed","ping_status":"closed","template":"","meta":{"footnotes":""},"class_list":["post-229","page","type-page","status-publish","hentry"],"aioseo_notices":[],"_links":{"self":[{"href":"https:\/\/www.greenmech.com.ro\/index.php\/wp-json\/wp\/v2\/pages\/229","targetHints":{"allow":["GET"]}}],"collection":[{"href":"https:\/\/www.greenmech.com.ro\/index.php\/wp-json\/wp\/v2\/pages"}],"about":[{"href":"https:\/\/www.greenmech.com.ro\/index.php\/wp-json\/wp\/v2\/types\/page"}],"author":[{"embeddable":true,"href":"https:\/\/www.greenmech.com.ro\/index.php\/wp-json\/wp\/v2\/users\/1"}],"replies":[{"embeddable":true,"href":"https:\/\/www.greenmech.com.ro\/index.php\/wp-json\/wp\/v2\/comments?post=229"}],"version-history":[{"count":1,"href":"https:\/\/www.greenmech.com.ro\/index.php\/wp-json\/wp\/v2\/pages\/229\/revisions"}],"predecessor-version":[{"id":230,"href":"https:\/\/www.greenmech.com.ro\/index.php\/wp-json\/wp\/v2\/pages\/229\/revisions\/230"}],"wp:attachment":[{"href":"https:\/\/www.greenmech.com.ro\/index.php\/wp-json\/wp\/v2\/media?parent=229"}],"curies":[{"name":"wp","href":"https:\/\/api.w.org\/{rel}","templated":true}]}}